{"id":186,"date":"2025-12-08T16:26:48","date_gmt":"2025-12-08T16:26:48","guid":{"rendered":"https:\/\/jpo-ev.org\/?page_id=186"},"modified":"2026-03-05T09:45:16","modified_gmt":"2026-03-05T09:45:16","slug":"faire-un-don","status":"publish","type":"page","link":"https:\/\/jpo-ev.org\/index.php\/faire-un-don\/","title":{"rendered":"Faire un Don"},"content":{"rendered":"<p>[et_pb_section fb_built=\u00a0\u00bb1&Prime; _builder_version=\u00a0\u00bb4.27.4&Prime; _module_preset=\u00a0\u00bbdefault\u00a0\u00bb custom_padding=\u00a0\u00bb95px|||||\u00a0\u00bb global_colors_info=\u00a0\u00bb{}\u00a0\u00bb][et_pb_row _builder_version=\u00a0\u00bb4.27.5&Prime; _module_preset=\u00a0\u00bbdefault\u00a0\u00bb global_colors_info=\u00a0\u00bb{}\u00a0\u00bb][et_pb_column type=\u00a0\u00bb4_4&Prime; _builder_version=\u00a0\u00bb4.27.5&Prime; _module_preset=\u00a0\u00bbdefault\u00a0\u00bb global_colors_info=\u00a0\u00bb{}\u00a0\u00bb][et_pb_blurb title=\u00a0\u00bbPourquoi faire un don \u00e0 JPO e.V ?\u00a0\u00bb image=\u00a0\u00bbhttps:\/\/jpo-ev.org\/wp-content\/uploads\/2026\/03\/Flyer-Berlin-event-scaled.png\u00a0\u00bb _builder_version=\u00a0\u00bb4.27.5&Prime; _module_preset=\u00a0\u00bbdefault\u00a0\u00bb hover_enabled=\u00a0\u00bb0&Prime; global_colors_info=\u00a0\u00bb{}\u00a0\u00bb title_text=\u00a0\u00bbFlyer-Berlin-event\u00a0\u00bb sticky_enabled=\u00a0\u00bb0&Prime;]<\/p>\n<p><span>Faire un don \u00e0 \u00a0<\/span><strong data-start=\"99\" data-end=\"143\">JPO Jungendausbildung und Sportwerk e.V.<\/strong><span> est un acte de solidarit\u00e9 et d\u2019engagement social. Les dons permettent de soutenir la formation des jeunes, de promouvoir le sport comme outil d\u2019\u00e9ducation et d\u2019inclusion, et d\u2019offrir de meilleures perspectives d\u2019avenir aux enfants et adolescents. En contribuant, chaque donateur participe activement au d\u00e9veloppement des talents, au renforcement des valeurs humaines et \u00e0 la construction d\u2019une soci\u00e9t\u00e9 plus juste et solidaire.<\/span><\/p>\n<p>[\/et_pb_blurb][\/et_pb_column][\/et_pb_row][et_pb_row _builder_version=\u00a0\u00bb4.27.4&Prime; _module_preset=\u00a0\u00bbdefault\u00a0\u00bb global_colors_info=\u00a0\u00bb{}\u00a0\u00bb][et_pb_column type=\u00a0\u00bb4_4&Prime; _builder_version=\u00a0\u00bb4.27.4&Prime; _module_preset=\u00a0\u00bbdefault\u00a0\u00bb global_colors_info=\u00a0\u00bb{}\u00a0\u00bb][et_pb_text _builder_version=\u00a0\u00bb4.27.4&Prime; _module_preset=\u00a0\u00bbdefault\u00a0\u00bb text_text_color=\u00a0\u00bb#7CDA24&Prime; text_font_size=\u00a0\u00bb26px\u00a0\u00bb global_colors_info=\u00a0\u00bb{}\u00a0\u00bb]<\/p>\n<p>Faire un Don<\/p>\n<p>[\/et_pb_text][\/et_pb_column][\/et_pb_row][et_pb_row column_structure=\u00a0\u00bb2_5,3_5&Prime; _builder_version=\u00a0\u00bb4.27.4&Prime; _module_preset=\u00a0\u00bbdefault\u00a0\u00bb global_colors_info=\u00a0\u00bb{}\u00a0\u00bb][et_pb_column type=\u00a0\u00bb2_5&Prime; _builder_version=\u00a0\u00bb4.27.4&Prime; _module_preset=\u00a0\u00bbdefault\u00a0\u00bb global_colors_info=\u00a0\u00bb{}\u00a0\u00bb][et_pb_image src=\u00a0\u00bbhttps:\/\/jpo-ev.org\/wp-content\/uploads\/2025\/12\/IMG_1895-scaled.jpg\u00a0\u00bb title_text=\u00a0\u00bbIMG_1895&Prime; _builder_version=\u00a0\u00bb4.27.4&Prime; _module_preset=\u00a0\u00bbdefault\u00a0\u00bb global_colors_info=\u00a0\u00bb{}\u00a0\u00bb][\/et_pb_image][\/et_pb_column][et_pb_column type=\u00a0\u00bb3_5&Prime; _builder_version=\u00a0\u00bb4.27.4&Prime; _module_preset=\u00a0\u00bbdefault\u00a0\u00bb global_colors_info=\u00a0\u00bb{}\u00a0\u00bb][et_pb_text _builder_version=\u00a0\u00bb4.27.4&Prime; _module_preset=\u00a0\u00bbdefault\u00a0\u00bb global_colors_info=\u00a0\u00bb{}\u00a0\u00bb]<\/p>\n<p data-start=\"136\" data-end=\"188\"><strong data-start=\"136\" data-end=\"188\">Soutenez JPO Kamerun e.V gr\u00e2ce \u00e0 vos dons<\/strong><\/p>\n<p data-start=\"190\" data-end=\"529\">Votre don contribue directement \u00e0 la formation, \u00e0 l\u2019accompagnement et \u00e0 l\u2019\u00e9panouissement des jeunes au sein de nos programmes \u00e9ducatifs et sportifs. Gr\u00e2ce \u00e0 votre soutien, nous pouvons offrir des activit\u00e9s de qualit\u00e9, d\u00e9velopper de nouveaux projets et cr\u00e9er un environnement o\u00f9 chaque jeune peut grandir, apprendre et s\u2019engager pleinement.<\/p>\n<p data-start=\"531\" data-end=\"676\">Chaque contribution, m\u00eame modeste, fait une r\u00e9elle diff\u00e9rence.<br data-start=\"593\" data-end=\"596\" \/><strong data-start=\"596\" data-end=\"676\">Merci de participer \u00e0 la construction d\u2019un avenir meilleur pour la jeunesse.<\/strong><\/p>\n<p>[\/et_pb_text][\/et_pb_column][\/et_pb_row][et_pb_row column_structure=\u00a0\u00bb3_5,2_5&Prime; _builder_version=\u00a0\u00bb4.27.4&Prime; _module_preset=\u00a0\u00bbdefault\u00a0\u00bb global_colors_info=\u00a0\u00bb{}\u00a0\u00bb][et_pb_column type=\u00a0\u00bb3_5&Prime; _builder_version=\u00a0\u00bb4.27.4&Prime; _module_preset=\u00a0\u00bbdefault\u00a0\u00bb global_colors_info=\u00a0\u00bb{}\u00a0\u00bb][et_pb_button button_text=\u00a0\u00bbFaire un don\u00a0\u00bb _builder_version=\u00a0\u00bb4.27.5&Prime; _module_preset=\u00a0\u00bbdefault\u00a0\u00bb custom_button=\u00a0\u00bbon\u00a0\u00bb button_text_size=\u00a0\u00bb16px\u00a0\u00bb button_text_color=\u00a0\u00bb#FFFFFF\u00a0\u00bb button_bg_color=\u00a0\u00bb#7CDA24&Prime; button_border_width=\u00a0\u00bb1px\u00a0\u00bb button_border_color=\u00a0\u00bb#FFFFFF\u00a0\u00bb button_border_radius=\u00a0\u00bb13px\u00a0\u00bb global_colors_info=\u00a0\u00bb{}\u00a0\u00bb][\/et_pb_button][\/et_pb_column][et_pb_column type=\u00a0\u00bb2_5&Prime; _builder_version=\u00a0\u00bb4.27.4&Prime; _module_preset=\u00a0\u00bbdefault\u00a0\u00bb global_colors_info=\u00a0\u00bb{}\u00a0\u00bb][\/et_pb_column][\/et_pb_row][et_pb_row column_structure=\u00a0\u00bb2_5,3_5&Prime; _builder_version=\u00a0\u00bb4.27.5&Prime; _module_preset=\u00a0\u00bbdefault\u00a0\u00bb global_colors_info=\u00a0\u00bb{}\u00a0\u00bb][et_pb_column type=\u00a0\u00bb2_5&Prime; _builder_version=\u00a0\u00bb4.27.5&Prime; _module_preset=\u00a0\u00bbdefault\u00a0\u00bb global_colors_info=\u00a0\u00bb{}\u00a0\u00bb][et_pb_text _builder_version=\u00a0\u00bb4.27.5&Prime; _module_preset=\u00a0\u00bbdefault\u00a0\u00bb global_colors_info=\u00a0\u00bb{}\u00a0\u00bb]<\/p>\n<p>Relev\u00e9 d\u00b4Identit\u00e9 Bancaire unique pour tous virements au Titre de JPO e.V<\/p>\n<p><strong><em>Merci pour votre contribution !<\/em><\/strong><\/p>\n<p>[\/et_pb_text][\/et_pb_column][et_pb_column type=\u00a0\u00bb3_5&Prime; _builder_version=\u00a0\u00bb4.27.5&Prime; _module_preset=\u00a0\u00bbdefault\u00a0\u00bb global_colors_info=\u00a0\u00bb{}\u00a0\u00bb][et_pb_text _builder_version=\u00a0\u00bb4.27.5&Prime; _module_preset=\u00a0\u00bbdefault\u00a0\u00bb text_font_size=\u00a0\u00bb21px\u00a0\u00bb global_colors_info=\u00a0\u00bb{}\u00a0\u00bb]<\/p>\n<p><span style=\"color: #339966;\"><strong>Inhaber : JPO Jungendausbildungs-und Sportwerk e.v<\/strong><\/span><\/p>\n<p><span style=\"color: #339966;\"><strong>Bank : Kreissparkasse B\u00f6blingen<\/strong><\/span><\/p>\n<p><span style=\"color: #339966;\"><strong>IBAN : DE87 6035 01300001114665<\/strong><\/span><\/p>\n<p><span style=\"color: #339966;\"><strong>BIC : BBKRDE6BXXX<\/strong><\/span><\/p>\n<p>&nbsp;<\/p>\n<p>[\/et_pb_text][\/et_pb_column][\/et_pb_row][\/et_pb_section]<\/p>\n","protected":false},"excerpt":{"rendered":"<p>Faire un don \u00e0 \u00a0JPO Jungendausbildung und Sportwerk e.V. est un acte de solidarit\u00e9 et d\u2019engagement social. Les dons permettent de soutenir la formation des jeunes, de promouvoir le sport comme outil d\u2019\u00e9ducation et d\u2019inclusion, et d\u2019offrir de meilleures perspectives d\u2019avenir aux enfants et adolescents. En contribuant, chaque donateur participe activement au d\u00e9veloppement des talents, [&hellip;]<\/p>\n","protected":false},"author":1,"featured_media":0,"parent":0,"menu_order":0,"comment_status":"closed","ping_status":"closed","template":"","meta":{"give_campaign_id":0,"_et_pb_use_builder":"on","_et_pb_old_content":"","_et_gb_content_width":"","footnotes":""},"class_list":["post-186","page","type-page","status-publish","hentry"],"campaignId":"0","_links":{"self":[{"href":"https:\/\/jpo-ev.org\/index.php\/wp-json\/wp\/v2\/pages\/186","targetHints":{"allow":["GET"]}}],"collection":[{"href":"https:\/\/jpo-ev.org\/index.php\/wp-json\/wp\/v2\/pages"}],"about":[{"href":"https:\/\/jpo-ev.org\/index.php\/wp-json\/wp\/v2\/types\/page"}],"author":[{"embeddable":true,"href":"https:\/\/jpo-ev.org\/index.php\/wp-json\/wp\/v2\/users\/1"}],"replies":[{"embeddable":true,"href":"https:\/\/jpo-ev.org\/index.php\/wp-json\/wp\/v2\/comments?post=186"}],"version-history":[{"count":14,"href":"https:\/\/jpo-ev.org\/index.php\/wp-json\/wp\/v2\/pages\/186\/revisions"}],"predecessor-version":[{"id":448,"href":"https:\/\/jpo-ev.org\/index.php\/wp-json\/wp\/v2\/pages\/186\/revisions\/448"}],"wp:attachment":[{"href":"https:\/\/jpo-ev.org\/index.php\/wp-json\/wp\/v2\/media?parent=186"}],"curies":[{"name":"wp","href":"https:\/\/api.w.org\/{rel}","templated":true}]}}