{"id":76,"date":"2025-12-01T09:29:14","date_gmt":"2025-12-01T09:29:14","guid":{"rendered":"http:\/\/jpo-ev.org\/?page_id=76"},"modified":"2026-03-30T14:40:45","modified_gmt":"2026-03-30T14:40:45","slug":"nos-actions","status":"publish","type":"page","link":"https:\/\/jpo-ev.org\/index.php\/nos-actions\/","title":{"rendered":"Nos actions"},"content":{"rendered":"<p>[et_pb_section fb_built=\u00a0\u00bb1&Prime; _builder_version=\u00a0\u00bb4.27.4&Prime; _module_preset=\u00a0\u00bbdefault\u00a0\u00bb global_colors_info=\u00a0\u00bb{}\u00a0\u00bb][et_pb_row column_structure=\u00a0\u00bb1_4,3_4&Prime; _builder_version=\u00a0\u00bb4.27.5&Prime; _module_preset=\u00a0\u00bbdefault\u00a0\u00bb global_colors_info=\u00a0\u00bb{}\u00a0\u00bb][et_pb_column type=\u00a0\u00bb1_4&Prime; _builder_version=\u00a0\u00bb4.27.5&Prime; _module_preset=\u00a0\u00bbdefault\u00a0\u00bb global_colors_info=\u00a0\u00bb{}\u00a0\u00bb][et_pb_image src=\u00a0\u00bbhttps:\/\/jpo-ev.org\/wp-content\/uploads\/2026\/03\/JPO-Event-Berlin-Flyer-def-scaled.png\u00a0\u00bb title_text=\u00a0\u00bbJPO-Event-Berlin-Flyer-def\u00a0\u00bb _builder_version=\u00a0\u00bb4.27.5&Prime; _module_preset=\u00a0\u00bbdefault\u00a0\u00bb hover_enabled=\u00a0\u00bb0&Prime; global_colors_info=\u00a0\u00bb{}\u00a0\u00bb sticky_enabled=\u00a0\u00bb0&Prime;][\/et_pb_image][et_pb_button button_url=\u00a0\u00bbhttps:\/\/jpo-ev.org\/index.php\/faire-un-don\/?et_fb=1&#038;PageSpeed=off\u00a0\u00bb button_text=\u00a0\u00bbFAIR UN DON\u00a0\u00bb button_alignment=\u00a0\u00bbcenter\u00a0\u00bb _builder_version=\u00a0\u00bb4.27.5&Prime; _module_preset=\u00a0\u00bbdefault\u00a0\u00bb custom_button=\u00a0\u00bbon\u00a0\u00bb button_text_size=\u00a0\u00bb16px\u00a0\u00bb button_text_color=\u00a0\u00bb#7CDA24&Prime; button_border_radius=\u00a0\u00bb16px\u00a0\u00bb button_icon_color=\u00a0\u00bbRGBA(255,255,255,0)\u00a0\u00bb global_colors_info=\u00a0\u00bb{}\u00a0\u00bb][\/et_pb_button][\/et_pb_column][et_pb_column type=\u00a0\u00bb3_4&Prime; _builder_version=\u00a0\u00bb4.27.5&Prime; _module_preset=\u00a0\u00bbdefault\u00a0\u00bb global_colors_info=\u00a0\u00bb{}\u00a0\u00bb][et_pb_text _builder_version=\u00a0\u00bb4.27.5&Prime; _module_preset=\u00a0\u00bbdefault\u00a0\u00bb global_colors_info=\u00a0\u00bb{}\u00a0\u00bb]<\/p>\n<p style=\"text-align: left;\"><strong>UN RENDEZ-VOUS \u00c0 NE PAS MANQUEZ<\/strong><\/p>\n<p>[\/et_pb_text][et_pb_text _builder_version=\u00a0\u00bb4.27.5&Prime; _module_preset=\u00a0\u00bbdefault\u00a0\u00bb global_colors_info=\u00a0\u00bb{}\u00a0\u00bb]<\/p>\n<p class=\"isSelectedEnd\" style=\"text-align: justify;\"><strong><span>Grand Week-end JPO-e.V \u2013 1er &amp; 2 mai 2026 \u00e0 Berlin<\/span><\/strong><\/p>\n<p class=\"isSelectedEnd\" style=\"text-align: justify;\"><span>L\u2019association JPO-e.V vous invite \u00e0 un grand week-end de comm\u00e9moration les <\/span><strong><span>1er et 2 mai 2026 \u00e0 Berlin<\/span><\/strong><span>. Cet \u00e9v\u00e9nement rassemblera la communaut\u00e9 autour du souvenir de JPO dans un esprit de solidarit\u00e9 et de partage.<\/span><\/p>\n<p class=\"isSelectedEnd\" style=\"text-align: justify;\"><span>Au programme : <\/span><strong><span>rencontres, moments de recueillement et une soir\u00e9e de gala<\/span><\/strong><span> d\u00e9di\u00e9e \u00e0 une <\/span><strong><span>lev\u00e9e de fonds et une collecte de dons<\/span><\/strong><span> afin de soutenir des <\/span><strong><span>projets socio-\u00e9ducatifs et sportifs au Cameroun<\/span><\/strong><span>.<\/span><\/p>\n<p class=\"isSelectedEnd\" style=\"text-align: justify;\"><span>Votre pr\u00e9sence et votre soutien contribueront \u00e0 faire vivre ces initiatives porteuses d\u2019espoir pour la jeunesse.<\/span><\/p>\n<p style=\"text-align: justify;\"><strong><span>Rejoignez-nous pour un week-end de m\u00e9moire, de solidarit\u00e9 et d\u2019engagement.<\/span><\/strong><\/p>\n<p>[\/et_pb_text][\/et_pb_column][\/et_pb_row][et_pb_row _builder_version=\u00a0\u00bb4.27.5&Prime; _module_preset=\u00a0\u00bbdefault\u00a0\u00bb global_colors_info=\u00a0\u00bb{}\u00a0\u00bb][et_pb_column type=\u00a0\u00bb4_4&Prime; _builder_version=\u00a0\u00bb4.27.5&Prime; _module_preset=\u00a0\u00bbdefault\u00a0\u00bb global_colors_info=\u00a0\u00bb{}\u00a0\u00bb][et_pb_divider _builder_version=\u00a0\u00bb4.27.5&Prime; _module_preset=\u00a0\u00bbdefault\u00a0\u00bb global_colors_info=\u00a0\u00bb{}\u00a0\u00bb][\/et_pb_divider][\/et_pb_column][\/et_pb_row][et_pb_row _builder_version=\u00a0\u00bb4.27.5&Prime; _module_preset=\u00a0\u00bbdefault\u00a0\u00bb global_colors_info=\u00a0\u00bb{}\u00a0\u00bb][et_pb_column type=\u00a0\u00bb4_4&Prime; _builder_version=\u00a0\u00bb4.27.5&Prime; _module_preset=\u00a0\u00bbdefault\u00a0\u00bb global_colors_info=\u00a0\u00bb{}\u00a0\u00bb][et_pb_text _builder_version=\u00a0\u00bb4.27.5&Prime; _module_preset=\u00a0\u00bbdefault\u00a0\u00bb global_colors_info=\u00a0\u00bb{}\u00a0\u00bb]<\/p>\n<p style=\"text-align: center;\">LES ACTIONS DE TERRAIN DE JPO.eV<\/p>\n<p>[\/et_pb_text][\/et_pb_column][\/et_pb_row][et_pb_row column_structure=\u00a0\u00bb2_5,3_5&Prime; _builder_version=\u00a0\u00bb4.27.4&Prime; _module_preset=\u00a0\u00bbdefault\u00a0\u00bb global_colors_info=\u00a0\u00bb{}\u00a0\u00bb][et_pb_column type=\u00a0\u00bb2_5&Prime; _builder_version=\u00a0\u00bb4.27.4&Prime; _module_preset=\u00a0\u00bbdefault\u00a0\u00bb global_colors_info=\u00a0\u00bb{}\u00a0\u00bb][et_pb_image src=\u00a0\u00bbhttps:\/\/jpo-ev.org\/wp-content\/uploads\/2025\/11\/Capture-decran-2025-11-30-a-22.22.46.png\u00a0\u00bb title_text=\u00a0\u00bbCapture d\u2019\u00e9cran 2025-11-30 \u00e0 22.22.46&Prime; _builder_version=\u00a0\u00bb4.27.4&Prime; _module_preset=\u00a0\u00bbdefault\u00a0\u00bb global_colors_info=\u00a0\u00bb{}\u00a0\u00bb][\/et_pb_image][et_pb_image src=\u00a0\u00bbhttps:\/\/jpo-ev.org\/wp-content\/uploads\/2025\/12\/IMG_1895-scaled.jpg\u00a0\u00bb title_text=\u00a0\u00bbIMG_1895&Prime; _builder_version=\u00a0\u00bb4.27.4&Prime; _module_preset=\u00a0\u00bbdefault\u00a0\u00bb global_colors_info=\u00a0\u00bb{}\u00a0\u00bb][\/et_pb_image][et_pb_image src=\u00a0\u00bbhttps:\/\/jpo-ev.org\/wp-content\/uploads\/2025\/12\/IMG_1846-1-scaled.jpg\u00a0\u00bb title_text=\u00a0\u00bbIMG_1846&Prime; _builder_version=\u00a0\u00bb4.27.4&Prime; _module_preset=\u00a0\u00bbdefault\u00a0\u00bb global_colors_info=\u00a0\u00bb{}\u00a0\u00bb][\/et_pb_image][\/et_pb_column][et_pb_column type=\u00a0\u00bb3_5&Prime; _builder_version=\u00a0\u00bb4.27.4&Prime; _module_preset=\u00a0\u00bbdefault\u00a0\u00bb global_colors_info=\u00a0\u00bb{}\u00a0\u00bb][et_pb_text _builder_version=\u00a0\u00bb4.27.4&Prime; _module_preset=\u00a0\u00bbdefault\u00a0\u00bb global_colors_info=\u00a0\u00bb{}\u00a0\u00bb]<\/p>\n<p data-start=\"200\" data-end=\"576\">L\u2019association <strong data-start=\"214\" data-end=\"241\">Jean-Philippe OND (JPO)<\/strong> \u0153uvre pour l\u2019\u00e9panouissement et la r\u00e9ussite de la jeunesse en pla\u00e7ant <strong data-start=\"311\" data-end=\"352\">l\u2019\u00e9ducation, la formation et le sport<\/strong> au c\u0153ur de ses actions. Convaincue que chaque jeune poss\u00e8de un potentiel unique, <strong>JPO e.v<\/strong> met en place des initiatives qui favorisent l\u2019acquisition de comp\u00e9tences, l\u2019acc\u00e8s aux opportunit\u00e9s et la construction d\u2019un avenir viable.<\/p>\n<p data-start=\"578\" data-end=\"949\"><strong data-start=\"578\" data-end=\"628\">1. Soutien \u00e9ducatif et accompagnement scolaire<\/strong><br data-start=\"628\" data-end=\"631\" \/><strong>JPO e.v<\/strong> organise des ateliers p\u00e9dagogiques, du tutorat et des programmes d\u2019aide aux devoirs afin de renforcer les connaissances des jeunes, encourager la r\u00e9ussite scolaire et lutter contre le d\u00e9crochage. L\u2019association promeut \u00e9galement l\u2019acc\u00e8s \u00e0 la lecture, aux outils num\u00e9riques et \u00e0 des ressources \u00e9ducatives de qualit\u00e9.<\/p>\n<p data-start=\"951\" data-end=\"1431\"><strong data-start=\"951\" data-end=\"1012\">2. Programmes de formation et d\u2019insertion professionnelle<\/strong><br data-start=\"1012\" data-end=\"1015\" \/>Pour faciliter l\u2019orientation et l\u2019int\u00e9gration dans le monde du travail, <strong>JPO e.v<\/strong> propose des formations adapt\u00e9es : d\u00e9veloppement de comp\u00e9tences professionnelles, ateliers de pr\u00e9paration aux entretiens, d\u00e9couverte des m\u00e9tiers, et accompagnement \u00e0 la construction de projets personnels. L\u2019association collabore avec des partenaires locaux et internationaux \u00a0pour offrir des stages, des immersions et des opportunit\u00e9s de mont\u00e9e en comp\u00e9tences.<\/p>\n<p data-start=\"1433\" data-end=\"1831\"><strong data-start=\"1433\" data-end=\"1500\">3. Promotion du sport comme vecteur de valeurs et d\u2019int\u00e9gration<\/strong><br data-start=\"1500\" data-end=\"1503\" \/>Le sport occupe une place centrale dans la mission de <strong>JPO e.v<\/strong>. L\u2019association met en place des activit\u00e9s sportives r\u00e9guli\u00e8res, des tournois et des \u00e9v\u00e9nements destin\u00e9s \u00e0 promouvoir la sant\u00e9, la discipline, la solidarit\u00e9 et l\u2019esprit d\u2019\u00e9quipe. Ces actions visent aussi \u00e0 renforcer la confiance en soi et \u00e0 favoriser la coh\u00e9sion sociale.<\/p>\n<p data-start=\"1833\" data-end=\"2181\"><strong data-start=\"1833\" data-end=\"1884\">4. Actions citoyennes et initiatives solidaires<\/strong><br data-start=\"1884\" data-end=\"1887\" \/>En parall\u00e8le de ses axes principaux, <strong>JPO e.v<\/strong> m\u00e8ne des projets de sensibilisation, des campagnes communautaires et des actions solidaires impliquant directement les jeunes. L\u2019objectif est de d\u00e9velopper l\u2019engagement citoyen, le sens des responsabilit\u00e9s et la participation active \u00e0 la vie collective.<\/p>\n<p>[\/et_pb_text][et_pb_button button_url=\u00a0\u00bbhttps:\/\/jpo-ev.org\/index.php\/faire-un-don\/?et_fb=1&#038;PageSpeed=off\u00a0\u00bb button_text=\u00a0\u00bbFAIRE UN DON\u00a0\u00bb button_alignment=\u00a0\u00bbcenter\u00a0\u00bb _builder_version=\u00a0\u00bb4.27.5&Prime; _module_preset=\u00a0\u00bbdefault\u00a0\u00bb custom_button=\u00a0\u00bbon\u00a0\u00bb button_text_size=\u00a0\u00bb16px\u00a0\u00bb button_text_color=\u00a0\u00bb#7CDA24&Prime; button_border_color=\u00a0\u00bb#7CDA24&Prime; button_border_radius=\u00a0\u00bb16px\u00a0\u00bb global_colors_info=\u00a0\u00bb{}\u00a0\u00bb][\/et_pb_button][\/et_pb_column][\/et_pb_row][\/et_pb_section]<\/p>\n","protected":false},"excerpt":{"rendered":"<p>UN RENDEZ-VOUS \u00c0 NE PAS MANQUEZGrand Week-end JPO-e.V \u2013 1er &amp; 2 mai 2026 \u00e0 Berlin L\u2019association JPO-e.V vous invite \u00e0 un grand week-end de comm\u00e9moration les 1er et 2 mai 2026 \u00e0 Berlin. Cet \u00e9v\u00e9nement rassemblera la communaut\u00e9 autour du souvenir de JPO dans un esprit de solidarit\u00e9 et de partage. Au programme : [&hellip;]<\/p>\n","protected":false},"author":1,"featured_media":0,"parent":0,"menu_order":0,"comment_status":"closed","ping_status":"closed","template":"","meta":{"give_campaign_id":0,"_et_pb_use_builder":"on","_et_pb_old_content":"","_et_gb_content_width":"","footnotes":""},"class_list":["post-76","page","type-page","status-publish","hentry"],"campaignId":"","_links":{"self":[{"href":"https:\/\/jpo-ev.org\/index.php\/wp-json\/wp\/v2\/pages\/76","targetHints":{"allow":["GET"]}}],"collection":[{"href":"https:\/\/jpo-ev.org\/index.php\/wp-json\/wp\/v2\/pages"}],"about":[{"href":"https:\/\/jpo-ev.org\/index.php\/wp-json\/wp\/v2\/types\/page"}],"author":[{"embeddable":true,"href":"https:\/\/jpo-ev.org\/index.php\/wp-json\/wp\/v2\/users\/1"}],"replies":[{"embeddable":true,"href":"https:\/\/jpo-ev.org\/index.php\/wp-json\/wp\/v2\/comments?post=76"}],"version-history":[{"count":12,"href":"https:\/\/jpo-ev.org\/index.php\/wp-json\/wp\/v2\/pages\/76\/revisions"}],"predecessor-version":[{"id":481,"href":"https:\/\/jpo-ev.org\/index.php\/wp-json\/wp\/v2\/pages\/76\/revisions\/481"}],"wp:attachment":[{"href":"https:\/\/jpo-ev.org\/index.php\/wp-json\/wp\/v2\/media?parent=76"}],"curies":[{"name":"wp","href":"https:\/\/api.w.org\/{rel}","templated":true}]}}

<p>[et_pb_section fb_built= »1&Prime; _builder_version= »4.27.4&Prime; _module_preset= »default » global_colors_info= »{} »][et_pb_row column_structure= »1_4,3_4&Prime; _builder_version= »4.27.5&Prime; _module_preset= »default » global_colors_info= »{} »][et_pb_column type= »1_4&Prime; _builder_version= »4.27.5&Prime; _module_preset= »default » global_colors_info= »{} »][et_pb_image src= »https://jpo-ev.org/wp-content/uploads/2026/03/JPO-Event-Berlin-Flyer-def-scaled.png » title_text= »JPO-Event-Berlin-Flyer-def » _builder_version= »4.27.5&Prime; _module_preset= »default » hover_enabled= »0&Prime; global_colors_info= »{} » sticky_enabled= »0&Prime;][/et_pb_image][et_pb_button button_url= »https://jpo-ev.org/index.php/faire-un-don/?et_fb=1&#038;PageSpeed=off » button_text= »FAIR UN DON » button_alignment= »center » _builder_version= »4.27.5&Prime; _module_preset= »default » custom_button= »on » button_text_size= »16px » button_text_color= »#7CDA24&Prime; button_border_radius= »16px » button_icon_color= »RGBA(255,255,255,0) » global_colors_info= »{} »][/et_pb_button][/et_pb_column][et_pb_column type= »3_4&Prime; _builder_version= »4.27.5&Prime; _module_preset= »default » global_colors_info= »{} »][et_pb_text _builder_version= »4.27.5&Prime; _module_preset= »default » global_colors_info= »{} »]</p>
<p style="text-align: left;"><strong>UN RENDEZ-VOUS À NE PAS MANQUEZ</strong></p>
<p>[/et_pb_text][et_pb_text _builder_version= »4.27.5&Prime; _module_preset= »default » global_colors_info= »{} »]</p>
<p class="isSelectedEnd" style="text-align: justify;"><strong><span>Grand Week-end JPO-e.V – 1er &amp; 2 mai 2026 à Berlin</span></strong></p>
<p class="isSelectedEnd" style="text-align: justify;"><span>L’association JPO-e.V vous invite à un grand week-end de commémoration les </span><strong><span>1er et 2 mai 2026 à Berlin</span></strong><span>. Cet événement rassemblera la communauté autour du souvenir de JPO dans un esprit de solidarité et de partage.</span></p>
<p class="isSelectedEnd" style="text-align: justify;"><span>Au programme : </span><strong><span>rencontres, moments de recueillement et une soirée de gala</span></strong><span> dédiée à une </span><strong><span>levée de fonds et une collecte de dons</span></strong><span> afin de soutenir des </span><strong><span>projets socio-éducatifs et sportifs au Cameroun</span></strong><span>.</span></p>
<p class="isSelectedEnd" style="text-align: justify;"><span>Votre présence et votre soutien contribueront à faire vivre ces initiatives porteuses d’espoir pour la jeunesse.</span></p>
<p style="text-align: justify;"><strong><span>Rejoignez-nous pour un week-end de mémoire, de solidarité et d’engagement.</span></strong></p>
<p>[/et_pb_text][/et_pb_column][/et_pb_row][et_pb_row _builder_version= »4.27.5&Prime; _module_preset= »default » global_colors_info= »{} »][et_pb_column type= »4_4&Prime; _builder_version= »4.27.5&Prime; _module_preset= »default » global_colors_info= »{} »][et_pb_divider _builder_version= »4.27.5&Prime; _module_preset= »default » global_colors_info= »{} »][/et_pb_divider][/et_pb_column][/et_pb_row][et_pb_row _builder_version= »4.27.5&Prime; _module_preset= »default » global_colors_info= »{} »][et_pb_column type= »4_4&Prime; _builder_version= »4.27.5&Prime; _module_preset= »default » global_colors_info= »{} »][et_pb_text _builder_version= »4.27.5&Prime; _module_preset= »default » global_colors_info= »{} »]</p>
<p style="text-align: center;">LES ACTIONS DE TERRAIN DE JPO.eV</p>
<p>[/et_pb_text][/et_pb_column][/et_pb_row][et_pb_row column_structure= »2_5,3_5&Prime; _builder_version= »4.27.4&Prime; _module_preset= »default » global_colors_info= »{} »][et_pb_column type= »2_5&Prime; _builder_version= »4.27.4&Prime; _module_preset= »default » global_colors_info= »{} »][et_pb_image src= »https://jpo-ev.org/wp-content/uploads/2025/11/Capture-decran-2025-11-30-a-22.22.46.png » title_text= »Capture d’écran 2025-11-30 à 22.22.46&Prime; _builder_version= »4.27.4&Prime; _module_preset= »default » global_colors_info= »{} »][/et_pb_image][et_pb_image src= »https://jpo-ev.org/wp-content/uploads/2025/12/IMG_1895-scaled.jpg » title_text= »IMG_1895&Prime; _builder_version= »4.27.4&Prime; _module_preset= »default » global_colors_info= »{} »][/et_pb_image][et_pb_image src= »https://jpo-ev.org/wp-content/uploads/2025/12/IMG_1846-1-scaled.jpg » title_text= »IMG_1846&Prime; _builder_version= »4.27.4&Prime; _module_preset= »default » global_colors_info= »{} »][/et_pb_image][/et_pb_column][et_pb_column type= »3_5&Prime; _builder_version= »4.27.4&Prime; _module_preset= »default » global_colors_info= »{} »][et_pb_text _builder_version= »4.27.4&Prime; _module_preset= »default » global_colors_info= »{} »]</p>
<p data-start="200" data-end="576">L’association <strong data-start="214" data-end="241">Jean-Philippe OND (JPO)</strong> œuvre pour l’épanouissement et la réussite de la jeunesse en plaçant <strong data-start="311" data-end="352">l’éducation, la formation et le sport</strong> au cœur de ses actions. Convaincue que chaque jeune possède un potentiel unique, <strong>JPO e.v</strong> met en place des initiatives qui favorisent l’acquisition de compétences, l’accès aux opportunités et la construction d’un avenir viable.</p>
<p data-start="578" data-end="949"><strong data-start="578" data-end="628">1. Soutien éducatif et accompagnement scolaire</strong><br data-start="628" data-end="631" /><strong>JPO e.v</strong> organise des ateliers pédagogiques, du tutorat et des programmes d’aide aux devoirs afin de renforcer les connaissances des jeunes, encourager la réussite scolaire et lutter contre le décrochage. L’association promeut également l’accès à la lecture, aux outils numériques et à des ressources éducatives de qualité.</p>
<p data-start="951" data-end="1431"><strong data-start="951" data-end="1012">2. Programmes de formation et d’insertion professionnelle</strong><br data-start="1012" data-end="1015" />Pour faciliter l’orientation et l’intégration dans le monde du travail, <strong>JPO e.v</strong> propose des formations adaptées : développement de compétences professionnelles, ateliers de préparation aux entretiens, découverte des métiers, et accompagnement à la construction de projets personnels. L’association collabore avec des partenaires locaux et internationaux  pour offrir des stages, des immersions et des opportunités de montée en compétences.</p>
<p data-start="1433" data-end="1831"><strong data-start="1433" data-end="1500">3. Promotion du sport comme vecteur de valeurs et d’intégration</strong><br data-start="1500" data-end="1503" />Le sport occupe une place centrale dans la mission de <strong>JPO e.v</strong>. L’association met en place des activités sportives régulières, des tournois et des événements destinés à promouvoir la santé, la discipline, la solidarité et l’esprit d’équipe. Ces actions visent aussi à renforcer la confiance en soi et à favoriser la cohésion sociale.</p>
<p data-start="1833" data-end="2181"><strong data-start="1833" data-end="1884">4. Actions citoyennes et initiatives solidaires</strong><br data-start="1884" data-end="1887" />En parallèle de ses axes principaux, <strong>JPO e.v</strong> mène des projets de sensibilisation, des campagnes communautaires et des actions solidaires impliquant directement les jeunes. L’objectif est de développer l’engagement citoyen, le sens des responsabilités et la participation active à la vie collective.</p>
<p>[/et_pb_text][et_pb_button button_url= »https://jpo-ev.org/index.php/faire-un-don/?et_fb=1&#038;PageSpeed=off » button_text= »FAIRE UN DON » button_alignment= »center » _builder_version= »4.27.5&Prime; _module_preset= »default » custom_button= »on » button_text_size= »16px » button_text_color= »#7CDA24&Prime; button_border_color= »#7CDA24&Prime; button_border_radius= »16px » global_colors_info= »{} »][/et_pb_button][/et_pb_column][/et_pb_row][/et_pb_section]</p>

<p>UN RENDEZ-VOUS À NE PAS MANQUEZGrand Week-end JPO-e.V – 1er &amp; 2 mai 2026 à Berlin L’association JPO-e.V vous invite à un grand week-end de commémoration les 1er et 2 mai 2026 à Berlin. Cet événement rassemblera la communauté autour du souvenir de JPO dans un esprit de solidarité et de partage. Au programme : [&hellip;]</p>
